- n**2 - 3327*n - 16620. What is x(-5)?
-135
Let o(n) = 3056*n + 14097. Give o(-5).
-1183
Let d(w) = 144100*w + 2161503. Give d(-15).
3
Let d(i) = -4*i**3 + 1181*i**2 - 267*i - 4735. Give d(295).
3525
Let b(o) = -3*o**2 + 35*o + 537. Calculate b(-10).
-113
Let f(b) = 517*b + 37161. What is f(-72)?
-63
Let t(y) = -6*y**3 + 1196*y**2 + 4790*y - 1032410. What is t(199)?
2
Let w(d) = d**3 - 1071*d**2 - 5428*d + 51660. Give w(1076).
12
Let i(u) = 151*u**2 - 1032*u - 172. Determine i(7).
3
Let g(i) = -64*i**3 + 18*i**2 - 22*i - 39. What is g(2)?
-523
Let t(k) = 2*k**3 - 282*k**2 + 151*k + 18098. Give t(140).
38
Let d(h) = h**2 + 6*h - 712. Determine d(15).
-397
Let d(x) = -x**3 + 297*x**2 - 5202*x - 93644. Give d(277).
-18
Let h(d) = 6*d**2 - 516*d + 5508. What is h(11)?
558
Let u(c) = c**3 - 84*c**2 + 525*c - 9552. Calculate u(79).
718
Let d(a) = a**3 - 27*a**2 - 56*a - 39. Determine d(30).
981
Let p(l) = 7*l**2 - 69*l - 1414. Calculate p(-15).
1196
Let y(f) = 19543*f**2 + 78164*f + 31. What is y(-4)?
63
Let a(z) = z**2 - 332*z + 7426. Determine a(22).
606
Let q(i) = -738*i + 456155. What is q(618)?
71
Let a(f) = -f**3 + 636*f**2 + 1452*f - 14391. What is a(-6)?
9
Let v(d) = -d**3 - 39*d**2 - 364*d - 3603. Calculate v(-31).
-7
Let m(s) = 479*s + 875. What is m(-2)?
-83
Let n(k) = 427*k + 1094. Calculate n(3).
2375
Let p(a) = -3616*a - 1034089. Give p(-286).
87
Let v(z) = 1138*z + 525. Determine v(1).
1663
Let w(p) = -p**3 - 273*p**2 - 23*p - 6410. Calculate w(-273).
-131
Let l(b) = -1594988*b + 46254660. Calculate l(29).
8
Let t(l) = 2847*l - 259217. What is t(91)?
-140
Let a(j) = 630779*j + 14507923. What is a(-23)?
6
Let y(j) = -2*j**2 - 2*j - 20. Give y(-16).
-500
Let x(t) = -3*t**2 + 1729*t - 28552. Calculate x(17).
-26
Let y(b) = 1658*b**2 - 16603*b - 25. Determine y(10).
-255
Let i(o) = 59508*o + 297530. Determine i(-5).
-10
Let r(l) = -1507*l + 861954. What is r(572)?
-50
Let k(t) = -t**3 + 323*t**2 - 12265*t - 3112. What is k(279)?
-43
Let t(k) = -32067*k + 2052288. Determine t(64).
0
Let a(d) = 2*d**2 + 5715*d - 488124. What is a(83)?
-1
Let z(l) = -l**2 - 9916*l - 1107750. Determine z(-113).
-11
Let q(v) = 2226*v**2 - 496399*v - 156. What is q(223)?
-379
Let b(m) = -103*m**3 + 18025*m**2 - 4*m + 693. Give b(175).
-7
Let d(v) = v**2 + 34*v + 246. What is d(20)?
1326
Let i(h) = -3*h**2 - 447*h - 1325. Give i(-150).
-1775
Let i(p) = 567*p - 177711. Give i(313).
-240
Let z(i) = -1491*i - 15730. What is z(-11)?
671
Let i(c) = 298096*c - 57830629. Determine i(194).
-5
Let t(r) = -16550*r + 579281. What is t(35)?
31
Let g(q) = 983*q + 7995. What is g(-8)?
131
Let r(c) = 33*c**2 + 117*c - 344. Give r(-8).
832
Let x(q) = -702*q - 127756. Give x(-182).
8
Let n(r) = 4*r**2 - 1391*r - 18756. What is n(-13)?
3
Let n(p) = -40*p**2 + 1826*p - 13203. Calculate n(9).
-9
Let g(p) = -5464*p - 186015. What is g(-34)?
-239
Let w(v) = -3*v**3 - 227*v**2 - 1188*v + 147. Give w(-70).
7
Let x(f) = 1708*f + 16874. Determine x(-10).
-206
Let z(f) = -f**3 - 108*f**2 - 533*f - 57561. Calculate z(-108).
3
Let n(h) = -9*h**3 - 935*h**2 + 101*h - 31. Calculate n(-104).
281
Let d(o) = -212*o - 6335. Determine d(-31).
237
Let a(o) = -o**3 + 20*o**2 + 358*o - 2666. Determine a(6).
-14
Let l(h) = -188*h + 529. Calculate l(3).
-35
Let x(h) = 43*h**2 - 1352*h + 10404. What is x(17)?
-153
Let t(v) = 63*v**2 - 250*v + 213. Calculate t(5).
538
Let b(r) = -621*r + 2636. What is b(6)?
-1090
Let c(d) = 5*d**3 + 493*d**2 - 210*d - 1205. What is c(-99)?
-17
Let l(a) = -a**3 + 95*a**2 - 104*a + 1646. Give l(94).
706
Let n(b) = 247381*b + 15337613. Give n(-62).
-9
Let k(g) = -g**2 + 82*g - 1106. Give k(47).
539
Let m(n) = -n**2 + 247*n - 6135. What is m(28)?
-3
Let u(r) = -6*r**3 + 349*r**2 - 38*r - 917. Calculate u(58).
243
Let d(h) = -2586*h + 44796. What is d(17)?
834
Let o(b) = -9*b**3 - 601*b**2 - 2421*b + 3. Calculate o(-4).
647
Let y(l) = -6924*l + 41292. Determine y(6).
-252
Let y(k) = 10*k**3 - 201*k**2 - 54*k - 2826. Give y(21).
9
Let o(q) = 121355*q + 485398. Give o(-4).
-22
Let l(r) = -4*r**2 + 585*r - 11721. Determine l(24).
15
Let w(u) = 1041*u - 13487. Determine w(13).
46
Let v(k) = 18*k**2 - 33589*k + 200886. Calculate v(6).
0
Let z(m) = -m**3 - 36*m**2 - 31819*m - 1046760. What is z(-33)?
0
Let w(n) = -56*n**2 - 95*n + 1965. Calculate w(-7).
-114
Let o(g) = 3*g**3 - 15*g**2 + 56718*g - 226832. What is o(4)?
-8
Let x(h) = -h**3 + 11*h**2 + 94*h - 752. Give x(14).
-24
Let y(f) = -f**2 - 15330*f - 3755176. Determine y(-249).
-7
Let u(y) = 2*y**2 + 73*y + 396. What is u(-7)?
-17
Let c(u) = -u**2 + 973360*u + 27254864. Give c(-28).
0
Let b(l) = -21*l**3 - 116*l**2 + 7*l + 307. Calculate b(-5).
-3
Let v(x) = -36*x**2 - 2946*x - 156. Calculate v(-82).
-648
Let p(c) = 3*c**3 + 4142*c**2 + 23380*c + 6870. Determine p(-1375).
-5
Let h(z) = -12*z**2 - 103*z + 21. Give h(-7).
154
Let k(o) = -536*o**2 + 49*o + 53. What is k(-3)?
-4918
Let h(d) = -2*d**3 - 348*d**2 + 1427*d - 278. Give h(-178).
-812
Let k(q) = -13*q**3 - 47*q**2 - 26*q + 46. Determine k(-3).
52
Let d(r) = -6*r**2 + 2050*r - 18397. Determine d(9).
-433
Let p(q) = -q**3 - 44*q**2 - 235*q - 10244. Give p(-44).
96
Let t(m) = 6793*m - 61133. Calculate t(9).
4
Let x(j) = -131*j**2 - 1608*j - 27. Give x(-12).
405
Let x(b) = 71*b**2 - 45*b + 34. Give x(1).
60
Let w(n) = 232250*n**2 + 928989*n - 36. Calculate w(-4).
8
Let g(s) = -s**3 + 413*s**2 - 1232*s + 2. What is g(3)?
-4
Let g(k) = 2*k**3 + k**2 - 104*k + 28. Calculate g(10).
1088
Let w(p) = -22*p**3 + 3*p**2 + 13*p - 12. Give w(-2).
150
Let m(l) = 321*l + 1308. Give m(-4).
24
Let g(s) = 224*s**2 + 3107*s - 15. What is g(-14)?
391
Let d(t) = 10567*t**2 + 21129*t - 8. Determine d(-2).
2
Let p(w) = -25*w**3 - 47*w**2 - 72*w - 12. Calculate p(-1).
38
Let n(p) = -p**2 - 251*p - 6235. Determine n(-28).
9
Let k(m) = -5827519*m - 11655033. What is k(-2)?
5
Let h(y) = 19*y**2 - 339*y + 711. Give h(9).
-801
Let q(w) = 10*w**2 + 88*w + 172. Give q(-2).
36
Let y(i) = -35401*i + 283073. Give y(8).
-135
Let f(x) = 2*x**3 - 19*x**2 - 20645*x + 103445. Calculate f(5).
-5
Let x(i) = -53*i + 3805. What is x(68)?
201
Let h(s) = -4*s**3 - 206*s**2 + 137*s + 1741. Give h(-52).
25
Let u(g) = -9*g**3 + 81*g**2 + 5*g - 76. What is u(9)?
-31
Let t(v) = -2*v**2 - 63*v - 118. Determine t(-20).
342
Let g(m) = -172*m**2 - 2067*m - 152. Calculate g(-12).
-116
Let d(m) = -3*m**3 - 30*m**2 - 188*m - 721. Determine d(-4).
-257
Let w(f) = -12004*f - 204078. What is w(-17)?
-10
Let w(c) = 108*c**3 - 235*c**2 + 31*c - 51. Give w(2).
-65
Let i(r) = -r**2 + 106695*r + 1920834. Determine i(-18).
0
Let a(q) = 14*q**2 + 246192*q - 246203. Determine a(1).
3
Let v(q) = -2051*q + 3604. Give v(2).
-498
Let v(b) = 1028*b + 42162. What is v(-41)?
14
Let y(i) = 460*i - 69938. Determine y(152).
-18
Let v(l) = -43*l**2 - 39429*l + 41290. Calculate v(-918).
-20
Let j(x) = x**2 + 165*x + 2696. Give j(-16).
312
Let p(z) = 73*z**3 - 4*z**2 - 211*z + 421. Calculate p(2).
567
Let f(w) = 726*w - 25229. Give f(35).
181
Let f(p) = -2*p**3 + 26*p**2 - 101*p + 111. What is f(4)?
-5
Let u(w) = -74*w**2 + 1048*w - 3687. What is u(8)?
-39
Let s(b) = 3*b**3 + 5*b**2 + 561*b + 125. Calculate s(0).
125
Let d(l) = 3*l**3 - 80*l**2 + 44*l - 11. What is d(27)?
1906
Let w(u) = -u**3 + 10765*u**2 + 172499*u + 42. Give w(-16).
-6
Let b(o) = -o**3 + 368*o**2 + 13666*o + 809. Determine b(402).
5
Let l(j) = -6813*j + 320098. What is l(47)?
-113
Let c(q) = q**3 - q**2 + 311*q + 639. What is c(-2)?
5
Let l(x) = -5*x**2 + 50*x + 5681. What is l(-29)?
26
Let k(n) = -5239*n - 466288. Give k(-89).
-17
Let i(u) = 1346*u**2 - 1341*u - 23. Calculate i(1).
-18
Let w(q) = 3*q**2 + 18*q + 42. Calculate w(4).
162
Let t(c) = -c**2 - 4663*c + 1759907. Calculate t(351).
-7
Let n(v) = 47*v**3 + 12*v**2 - v - 11. What is n(1)?
47
Let o(b) = 5902*b + 336493. What is o(-57)?
79
Let l(x) = -2*x**3 - 17*x**2 + 275*x - 164. Give l(-17).
74
Let w(k) = 2*k**3 - 119*k**2 - 170*k - 250. Determine w(61).
543
Let p(f) = -296*f + 460. Determine p(-1).
756
Let a(c) = -c**3 - 151*c + 1369. Determine a(7).
-31
Let j(q) = -2833*q + 8632. What is j(3)?
133
Let w(x) = 7*x**2 - 7790*x + 84844. What is w(11)?
1
Let v(w) = -10*w**3 - 174*w**2 + 3494*w + 3772. Calculate v(-29).